{"id":109,"date":"2025-12-25T22:24:09","date_gmt":"2025-12-25T22:24:09","guid":{"rendered":"https:\/\/kb.pabel.me\/?page_id=109"},"modified":"2025-12-25T22:33:20","modified_gmt":"2025-12-25T22:33:20","slug":"basset-modell","status":"publish","type":"page","link":"https:\/\/kb.pabel.me\/?page_id=109","title":{"rendered":"Basset-Modell"},"content":{"rendered":"\n<header class=\"wp-block-cover\" style=\"min-height:250px;aspect-ratio:unset;\"><img loading=\"lazy\" decoding=\"async\" width=\"1542\" height=\"2560\" class=\"wp-block-cover__image-background wp-image-53 size-full\" alt=\"\" src=\"https:\/\/kb.pabel.me\/wp-content\/uploads\/2025\/12\/IMG_8360-scaled.jpg\" style=\"object-position:72% 25%\" data-object-fit=\"cover\" data-object-position=\"72% 25%\" srcset=\"https:\/\/kb.pabel.me\/wp-content\/uploads\/2025\/12\/IMG_8360-scaled.jpg 1542w, https:\/\/kb.pabel.me\/wp-content\/uploads\/2025\/12\/IMG_8360-181x300.jpg 181w, https:\/\/kb.pabel.me\/wp-content\/uploads\/2025\/12\/IMG_8360-617x1024.jpg 617w, https:\/\/kb.pabel.me\/wp-content\/uploads\/2025\/12\/IMG_8360-768x1275.jpg 768w, https:\/\/kb.pabel.me\/wp-content\/uploads\/2025\/12\/IMG_8360-925x1536.jpg 925w, https:\/\/kb.pabel.me\/wp-content\/uploads\/2025\/12\/IMG_8360-1233x2048.jpg 1233w\" sizes=\"auto, (max-width: 1542px) 100vw, 1542px\" \/><span aria-hidden=\"true\" class=\"wp-block-cover__background has-background-dim\" style=\"background-color:#63534e\"><\/span><div class=\"wp-block-cover__inner-container is-layout-flow wp-block-cover-is-layout-flow\">\n<h1 class=\"wp-block-heading has-text-align-center has-large-font-size\">Bassett-Modell<\/h1>\n<\/div><\/header>\n\n\n\n<div style=\"height:50px\" aria-hidden=\"true\" class=\"wp-block-spacer\"><\/div>\n\n\n\n<p>Das Bassett wurde im Fr\u00fchbarock zu Anfang des 17 Jh. verwendet. Es war ein kleiner Bass mit 3-6 Saiten in Terz-Quart-Stimmung. Heute wird es ausschlie\u00dflich f\u00fcr Auff\u00fchrungen historischer Musik verwendet. Es sind jedoch nur sehr wenige Orginalinstrumente erhalten.<\/p>\n\n\n\n<p>Das hier gezeigte Instrument wurde speziell nach Kundenw\u00fcnschen gefertigt. Es ist ein f\u00fcnfsaitiges Instrument mit der ungef\u00e4hren Gr\u00f6\u00dfe eines halben Kontrabasses. Die Mensur betr\u00e4gt 90 cm. Um den Wechsel zwischen modernem Bass und Bassett zu erleichtern wurde eine reine Quart-Stimmung gew\u00e4hlt.<\/p>\n\n\n\n<p>Durch den flachen Halswinkel und den relativ niedrigen Steg konnte ein geringerer Deckendruck erreicht werden, so dass die Decke sehr d\u00fcnn gehalten wurde. Mit diesen Ma\u00dfnahmen und durch Verwendung von Darmsaiten wurde ein dem Vorbild m\u00f6glichst \u00e4hnlicher gambenartiger Klang erreicht.<\/p>\n\n\n\n<div style=\"height:50px\" aria-hidden=\"true\" class=\"wp-block-spacer\"><\/div>\n\n\n\n<figure class=\"wp-block-gallery has-nested-images columns-default is-cropped wp-block-gallery-1 is-layout-flex wp-block-gallery-is-layout-flex\">\n<figure class=\"wp-block-image size-large\"><img loading=\"lazy\" decoding=\"async\" width=\"300\" height=\"400\" data-id=\"75\" src=\"https:\/\/kb.pabel.me\/wp-content\/uploads\/2025\/12\/bassett_schnecke.jpg\" alt=\"\" class=\"wp-image-75\" srcset=\"https:\/\/kb.pabel.me\/wp-content\/uploads\/2025\/12\/bassett_schnecke.jpg 300w, https:\/\/kb.pabel.me\/wp-content\/uploads\/2025\/12\/bassett_schnecke-225x300.jpg 225w\" sizes=\"auto, (max-width: 300px) 100vw, 300px\" \/><\/figure>\n\n\n\n<figure class=\"wp-block-image size-large\"><img loading=\"lazy\" decoding=\"async\" width=\"300\" height=\"400\" data-id=\"78\" src=\"https:\/\/kb.pabel.me\/wp-content\/uploads\/2025\/12\/bassett_decke.jpg\" alt=\"\" class=\"wp-image-78\" srcset=\"https:\/\/kb.pabel.me\/wp-content\/uploads\/2025\/12\/bassett_decke.jpg 300w, https:\/\/kb.pabel.me\/wp-content\/uploads\/2025\/12\/bassett_decke-225x300.jpg 225w\" sizes=\"auto, (max-width: 300px) 100vw, 300px\" \/><\/figure>\n\n\n\n<figure class=\"wp-block-image size-large\"><img loading=\"lazy\" decoding=\"async\" width=\"300\" height=\"400\" data-id=\"77\" src=\"https:\/\/kb.pabel.me\/wp-content\/uploads\/2025\/12\/bassett_f.jpg\" alt=\"\" class=\"wp-image-77\" srcset=\"https:\/\/kb.pabel.me\/wp-content\/uploads\/2025\/12\/bassett_f.jpg 300w, https:\/\/kb.pabel.me\/wp-content\/uploads\/2025\/12\/bassett_f-225x300.jpg 225w\" sizes=\"auto, (max-width: 300px) 100vw, 300px\" \/><\/figure>\n\n\n\n<figure class=\"wp-block-image size-large\"><img loading=\"lazy\" decoding=\"async\" width=\"300\" height=\"400\" data-id=\"80\" src=\"https:\/\/kb.pabel.me\/wp-content\/uploads\/2025\/12\/bassett_zarge.jpg\" alt=\"\" class=\"wp-image-80\" srcset=\"https:\/\/kb.pabel.me\/wp-content\/uploads\/2025\/12\/bassett_zarge.jpg 300w, https:\/\/kb.pabel.me\/wp-content\/uploads\/2025\/12\/bassett_zarge-225x300.jpg 225w\" sizes=\"auto, (max-width: 300px) 100vw, 300px\" \/><\/figure>\n\n\n\n<figure class=\"wp-block-image size-large\"><img loading=\"lazy\" decoding=\"async\" width=\"300\" height=\"400\" data-id=\"79\" src=\"https:\/\/kb.pabel.me\/wp-content\/uploads\/2025\/12\/bassett_boden.jpg\" alt=\"\" class=\"wp-image-79\" srcset=\"https:\/\/kb.pabel.me\/wp-content\/uploads\/2025\/12\/bassett_boden.jpg 300w, https:\/\/kb.pabel.me\/wp-content\/uploads\/2025\/12\/bassett_boden-225x300.jpg 225w\" sizes=\"auto, (max-width: 300px) 100vw, 300px\" \/><\/figure>\n\n\n\n<figure class=\"wp-block-image size-large\"><img loading=\"lazy\" decoding=\"async\" width=\"300\" height=\"400\" data-id=\"74\" src=\"https:\/\/kb.pabel.me\/wp-content\/uploads\/2025\/12\/bassett_schulter.jpg\" alt=\"\" class=\"wp-image-74\" srcset=\"https:\/\/kb.pabel.me\/wp-content\/uploads\/2025\/12\/bassett_schulter.jpg 300w, https:\/\/kb.pabel.me\/wp-content\/uploads\/2025\/12\/bassett_schulter-225x300.jpg 225w\" sizes=\"auto, (max-width: 300px) 100vw, 300px\" \/><\/figure>\n\n\n\n<figure class=\"wp-block-image size-full\"><img loading=\"lazy\" decoding=\"async\" width=\"300\" height=\"400\" data-id=\"76\" src=\"https:\/\/kb.pabel.me\/wp-content\/uploads\/2025\/12\/bassett_ganz.jpg\" alt=\"\" class=\"wp-image-76\" srcset=\"https:\/\/kb.pabel.me\/wp-content\/uploads\/2025\/12\/bassett_ganz.jpg 300w, https:\/\/kb.pabel.me\/wp-content\/uploads\/2025\/12\/bassett_ganz-225x300.jpg 225w\" sizes=\"auto, (max-width: 300px) 100vw, 300px\" \/><\/figure>\n<\/figure>\n","protected":false},"excerpt":{"rendered":"<p>Das Bassett wurde im Fr\u00fchbarock zu Anfang des 17 Jh. verwendet. Es war ein kleiner Bass mit 3-6 Saiten in Terz-Quart-Stimmung. Heute wird es ausschlie\u00dflich f\u00fcr Auff\u00fchrungen historischer Musik verwendet. Es sind jedoch nur sehr wenige Orginalinstrumente erhalten. Das hier gezeigte Instrument wurde speziell nach Kundenw\u00fcnschen gefertigt. Es ist ein f\u00fcnfsaitiges Instrument mit der ungef\u00e4hren [&hellip;]<\/p>\n","protected":false},"author":1,"featured_media":0,"parent":70,"menu_order":0,"comment_status":"closed","ping_status":"closed","template":"page-templates\/page-full-width.php","meta":{"footnotes":""},"class_list":["post-109","page","type-page","status-publish","hentry"],"_links":{"self":[{"href":"https:\/\/kb.pabel.me\/index.php?rest_route=\/wp\/v2\/pages\/109","targetHints":{"allow":["GET"]}}],"collection":[{"href":"https:\/\/kb.pabel.me\/index.php?rest_route=\/wp\/v2\/pages"}],"about":[{"href":"https:\/\/kb.pabel.me\/index.php?rest_route=\/wp\/v2\/types\/page"}],"author":[{"embeddable":true,"href":"https:\/\/kb.pabel.me\/index.php?rest_route=\/wp\/v2\/users\/1"}],"replies":[{"embeddable":true,"href":"https:\/\/kb.pabel.me\/index.php?rest_route=%2Fwp%2Fv2%2Fcomments&post=109"}],"version-history":[{"count":5,"href":"https:\/\/kb.pabel.me\/index.php?rest_route=\/wp\/v2\/pages\/109\/revisions"}],"predecessor-version":[{"id":122,"href":"https:\/\/kb.pabel.me\/index.php?rest_route=\/wp\/v2\/pages\/109\/revisions\/122"}],"up":[{"embeddable":true,"href":"https:\/\/kb.pabel.me\/index.php?rest_route=\/wp\/v2\/pages\/70"}],"wp:attachment":[{"href":"https:\/\/kb.pabel.me\/index.php?rest_route=%2Fwp%2Fv2%2Fmedia&parent=109"}],"curies":[{"name":"wp","href":"https:\/\/api.w.org\/{rel}","templated":true}]}}