{"id":45,"date":"2025-12-25T11:27:22","date_gmt":"2025-12-25T11:27:22","guid":{"rendered":"https:\/\/kb.pabel.me\/?page_id=45"},"modified":"2025-12-25T21:45:04","modified_gmt":"2025-12-25T21:45:04","slug":"ueber-uns","status":"publish","type":"page","link":"https:\/\/kb.pabel.me\/?page_id=45","title":{"rendered":"\u00dcber Uns"},"content":{"rendered":"\n<div class=\"wp-block-cover\" style=\"min-height:250px;aspect-ratio:unset;\"><img loading=\"lazy\" decoding=\"async\" width=\"2560\" height=\"1440\" class=\"wp-block-cover__image-background wp-image-61\" alt=\"\" src=\"https:\/\/kb.pabel.me\/wp-content\/uploads\/2025\/12\/IMG_8357-edited-scaled.jpg\" style=\"object-position:49% 6%\" data-object-fit=\"cover\" data-object-position=\"49% 6%\" srcset=\"https:\/\/kb.pabel.me\/wp-content\/uploads\/2025\/12\/IMG_8357-edited-scaled.jpg 2560w, https:\/\/kb.pabel.me\/wp-content\/uploads\/2025\/12\/IMG_8357-edited-300x169.jpg 300w, https:\/\/kb.pabel.me\/wp-content\/uploads\/2025\/12\/IMG_8357-edited-1024x576.jpg 1024w, https:\/\/kb.pabel.me\/wp-content\/uploads\/2025\/12\/IMG_8357-edited-768x432.jpg 768w, https:\/\/kb.pabel.me\/wp-content\/uploads\/2025\/12\/IMG_8357-edited-1536x864.jpg 1536w, https:\/\/kb.pabel.me\/wp-content\/uploads\/2025\/12\/IMG_8357-edited-2048x1152.jpg 2048w\" sizes=\"auto, (max-width: 2560px) 100vw, 2560px\" \/><span aria-hidden=\"true\" class=\"wp-block-cover__background has-background-dim\"><\/span><div class=\"wp-block-cover__inner-container is-layout-flow wp-block-cover-is-layout-flow\">\n<h1 class=\"wp-block-heading has-text-align-center has-large-font-size\">\u00dcber Uns<\/h1>\n<\/div><\/div>\n\n\n\n<div style=\"height:50px\" aria-hidden=\"true\" class=\"wp-block-spacer\"><\/div>\n\n\n\n<h3 class=\"wp-block-heading has-text-align-center\">Handwerk, Erfahrung und Leidenschaft f\u00fcr Streichinstrumente<\/h3>\n\n\n\n<p class=\"has-text-align-center\">Die Arbeit an Streichinstrumenten erfordert weit mehr als handwerkliches K\u00f6nnen. Sie verlangt Erfahrung, musikalisches Verst\u00e4ndnis, Respekt vor dem gewachsenen Original und ein feines Gesp\u00fcr f\u00fcr Klang, Spielbarkeit und Charakter jedes einzelnen Instruments.<br>Genau diesem Anspruch f\u00fchlen wir uns verpflichtet.<\/p>\n\n\n\n<p class=\"has-text-align-center\">Als <strong>Geigenbaumeister<\/strong> mit jahrzehntelanger Erfahrung im Neubau, in der Restaurierung und in der Reparatur von Kontrab\u00e4ssen und anderen Streichinstrumenten entsteht unsere Arbeit konsequent <strong>aus Meisterhand<\/strong>. Jedes Instrument \u2013 ob neu gefertigt, angepasst oder restauriert \u2013 wird mit gr\u00f6\u00dfter Sorgfalt, technischer Pr\u00e4zision und klanglichem Feingef\u00fchl behandelt.<\/p>\n\n\n\n<p class=\"has-text-align-center\">Die T\u00e4tigkeit st\u00fctzt sich auf eine umfassende praktische Erfahrung mit Instrumenten unterschiedlichster Altersklassen: vom modernen Neubau \u00fcber wertvolle historische Instrumente bis hin zu komplexen Sanierungen. Internationale Referenzen sowie die Zusammenarbeit mit Musikerinnen und Musikern aus Orchestern, Kammermusik und Solobereich pr\u00e4gen den Blick f\u00fcr unterschiedlichste Anforderungen und Spielweisen.<\/p>\n\n\n\n<div style=\"height:20px\" aria-hidden=\"true\" class=\"wp-block-spacer\"><\/div>\n\n\n\n<hr class=\"wp-block-separator has-alpha-channel-opacity\"\/>\n\n\n\n<figure class=\"wp-block-gallery aligncenter has-nested-images columns-default is-cropped wp-block-gallery-1 is-layout-flex wp-block-gallery-is-layout-flex\">\n<figure class=\"wp-block-image size-large\"><img loading=\"lazy\" decoding=\"async\" width=\"617\" height=\"1024\" data-id=\"53\" src=\"https:\/\/kb.pabel.me\/wp-content\/uploads\/2025\/12\/IMG_8360-617x1024.jpg\" alt=\"\" class=\"wp-image-53\" style=\"aspect-ratio:1\" srcset=\"https:\/\/kb.pabel.me\/wp-content\/uploads\/2025\/12\/IMG_8360-617x1024.jpg 617w, https:\/\/kb.pabel.me\/wp-content\/uploads\/2025\/12\/IMG_8360-181x300.jpg 181w, https:\/\/kb.pabel.me\/wp-content\/uploads\/2025\/12\/IMG_8360-768x1275.jpg 768w, https:\/\/kb.pabel.me\/wp-content\/uploads\/2025\/12\/IMG_8360-925x1536.jpg 925w, https:\/\/kb.pabel.me\/wp-content\/uploads\/2025\/12\/IMG_8360-1233x2048.jpg 1233w, https:\/\/kb.pabel.me\/wp-content\/uploads\/2025\/12\/IMG_8360-scaled.jpg 1542w\" sizes=\"auto, (max-width: 617px) 100vw, 617px\" \/><\/figure>\n\n\n\n<figure class=\"wp-block-image size-large\"><img loading=\"lazy\" decoding=\"async\" width=\"1024\" height=\"683\" data-id=\"55\" src=\"https:\/\/kb.pabel.me\/wp-content\/uploads\/2025\/12\/IMG_8375-1024x683.jpg\" alt=\"\" class=\"wp-image-55\" style=\"aspect-ratio:1\" srcset=\"https:\/\/kb.pabel.me\/wp-content\/uploads\/2025\/12\/IMG_8375-1024x683.jpg 1024w, https:\/\/kb.pabel.me\/wp-content\/uploads\/2025\/12\/IMG_8375-300x200.jpg 300w, https:\/\/kb.pabel.me\/wp-content\/uploads\/2025\/12\/IMG_8375-768x512.jpg 768w, https:\/\/kb.pabel.me\/wp-content\/uploads\/2025\/12\/IMG_8375-1536x1024.jpg 1536w, https:\/\/kb.pabel.me\/wp-content\/uploads\/2025\/12\/IMG_8375-2048x1365.jpg 2048w\" sizes=\"auto, (max-width: 1024px) 100vw, 1024px\" \/><\/figure>\n\n\n\n<figure class=\"wp-block-image size-large\"><img loading=\"lazy\" decoding=\"async\" width=\"1024\" height=\"588\" data-id=\"54\" src=\"https:\/\/kb.pabel.me\/wp-content\/uploads\/2025\/12\/IMG_8336-1-1024x588.jpg\" alt=\"\" class=\"wp-image-54\" style=\"aspect-ratio:1\" srcset=\"https:\/\/kb.pabel.me\/wp-content\/uploads\/2025\/12\/IMG_8336-1-1024x588.jpg 1024w, https:\/\/kb.pabel.me\/wp-content\/uploads\/2025\/12\/IMG_8336-1-300x172.jpg 300w, https:\/\/kb.pabel.me\/wp-content\/uploads\/2025\/12\/IMG_8336-1-768x441.jpg 768w, https:\/\/kb.pabel.me\/wp-content\/uploads\/2025\/12\/IMG_8336-1-1536x882.jpg 1536w, https:\/\/kb.pabel.me\/wp-content\/uploads\/2025\/12\/IMG_8336-1-2048x1176.jpg 2048w\" sizes=\"auto, (max-width: 1024px) 100vw, 1024px\" \/><\/figure>\n<\/figure>\n\n\n\n<hr class=\"wp-block-separator has-alpha-channel-opacity\"\/>\n\n\n\n<div style=\"height:20px\" aria-hidden=\"true\" class=\"wp-block-spacer\"><\/div>\n\n\n\n<p class=\"has-text-align-center\">Diese Erfahrung wird erg\u00e4nzt durch eine <strong>Lehrt\u00e4tigkeit an einer Universit\u00e4t in den USA<\/strong>, bei der Wissen \u00fcber Kontrabassbau, Klanggestaltung und instrumentenspezifische Feinheiten an Studierende weitergegeben wird. Der kontinuierliche Austausch auf internationaler Ebene sowie die Verbindung von Praxis, Forschung und Lehre flie\u00dfen direkt in die t\u00e4gliche Werkstattarbeit ein.<\/p>\n\n\n\n<p class=\"has-text-align-center\">Als aktiver Orchestermusiker besteht zudem ein unmittelbares Verst\u00e4ndnis f\u00fcr die Bed\u00fcrfnisse von Musikerinnen und Musikern im professionellen Alltag. Spielkomfort, klangliche Durchsetzung, Zuverl\u00e4ssigkeit und langfristige Stabilit\u00e4t eines Instruments stehen dabei stets im Mittelpunkt.<\/p>\n\n\n\n<p class=\"has-text-align-center\">So begleiten wir Sie kompetent und pers\u00f6nlich \u2013 von der ersten Idee \u00fcber den Neubau oder die Restaurierung bis hin zu laufenden Unterhaltsreparaturen und der sorgf\u00e4ltigen Pflege Ihres Instruments.<\/p>\n\n\n\n<p class=\"has-text-align-center\"><strong>Peer Schreier \u2013 Ihr Kontrabass-Spezialist<\/strong><br>Bei uns spielt der Kontrabass die erste Geige.<\/p>\n\n\n\n<div style=\"height:20px\" aria-hidden=\"true\" class=\"wp-block-spacer\"><\/div>\n\n\n<div class=\"wp-block-image\">\n<figure class=\"aligncenter size-large is-resized\"><img loading=\"lazy\" decoding=\"async\" width=\"559\" height=\"1024\" src=\"https:\/\/kb.pabel.me\/wp-content\/uploads\/2025\/12\/IMG_8362-559x1024.jpg\" alt=\"\" class=\"wp-image-52\" style=\"aspect-ratio:3\/4;object-fit:cover;width:auto;height:450px\" srcset=\"https:\/\/kb.pabel.me\/wp-content\/uploads\/2025\/12\/IMG_8362-559x1024.jpg 559w, https:\/\/kb.pabel.me\/wp-content\/uploads\/2025\/12\/IMG_8362-164x300.jpg 164w, https:\/\/kb.pabel.me\/wp-content\/uploads\/2025\/12\/IMG_8362-768x1407.jpg 768w, https:\/\/kb.pabel.me\/wp-content\/uploads\/2025\/12\/IMG_8362-839x1536.jpg 839w, https:\/\/kb.pabel.me\/wp-content\/uploads\/2025\/12\/IMG_8362-1118x2048.jpg 1118w, https:\/\/kb.pabel.me\/wp-content\/uploads\/2025\/12\/IMG_8362-scaled.jpg 1398w\" sizes=\"auto, (max-width: 559px) 100vw, 559px\" \/><\/figure>\n<\/div>\n\n\n<p><\/p>\n","protected":false},"excerpt":{"rendered":"<p>Handwerk, Erfahrung und Leidenschaft f\u00fcr Streichinstrumente Die Arbeit an Streichinstrumenten erfordert weit mehr als handwerkliches K\u00f6nnen. Sie verlangt Erfahrung, musikalisches Verst\u00e4ndnis, Respekt vor dem gewachsenen Original und ein feines Gesp\u00fcr f\u00fcr Klang, Spielbarkeit und Charakter jedes einzelnen Instruments.Genau diesem Anspruch f\u00fchlen wir uns verpflichtet. Als Geigenbaumeister mit jahrzehntelanger Erfahrung im Neubau, in der Restaurierung und [&hellip;]<\/p>\n","protected":false},"author":1,"featured_media":0,"parent":0,"menu_order":0,"comment_status":"closed","ping_status":"closed","template":"page-templates\/page-full-width.php","meta":{"footnotes":""},"class_list":["post-45","page","type-page","status-publish","hentry"],"_links":{"self":[{"href":"https:\/\/kb.pabel.me\/index.php?rest_route=\/wp\/v2\/pages\/45","targetHints":{"allow":["GET"]}}],"collection":[{"href":"https:\/\/kb.pabel.me\/index.php?rest_route=\/wp\/v2\/pages"}],"about":[{"href":"https:\/\/kb.pabel.me\/index.php?rest_route=\/wp\/v2\/types\/page"}],"author":[{"embeddable":true,"href":"https:\/\/kb.pabel.me\/index.php?rest_route=\/wp\/v2\/users\/1"}],"replies":[{"embeddable":true,"href":"https:\/\/kb.pabel.me\/index.php?rest_route=%2Fwp%2Fv2%2Fcomments&post=45"}],"version-history":[{"count":11,"href":"https:\/\/kb.pabel.me\/index.php?rest_route=\/wp\/v2\/pages\/45\/revisions"}],"predecessor-version":[{"id":67,"href":"https:\/\/kb.pabel.me\/index.php?rest_route=\/wp\/v2\/pages\/45\/revisions\/67"}],"wp:attachment":[{"href":"https:\/\/kb.pabel.me\/index.php?rest_route=%2Fwp%2Fv2%2Fmedia&parent=45"}],"curies":[{"name":"wp","href":"https:\/\/api.w.org\/{rel}","templated":true}]}}